{"id":4403,"date":"2020-04-03T12:55:28","date_gmt":"2020-04-03T12:55:28","guid":{"rendered":"https:\/\/www.mmkalender.de\/?post_type=product&#038;p=4403"},"modified":"2026-02-24T10:42:10","modified_gmt":"2026-02-24T10:42:10","slug":"sudetenland-gestern-2027","status":"publish","type":"product","link":"https:\/\/www.mmkalender.de\/index.php\/produkt\/sudetenland-gestern-2027\/","title":{"rendered":"Sudetenland gestern 2027"},"content":{"rendered":"<p>Sudentenland in alten Ansichten<br \/>\nISBN 978-3-96166-787-1<br \/>\nKalenderformat 29 x 32 cm<br \/>\nWire-O-Bindung<\/p>\n<p>Mit Bilder von: Br\u00fcx (Bezirksstadt in Nordb\u00f6hmen, im sog. Erzgebirge-Saazerland), M\u00e4hrisch Ostrau (Stadt zwischen Sudeten und Beskiden, am Nordausgang der M\u00e4hrischen Pforte), Weipert (B\u00f6hmisches Erzgebirge), Komotau (Nordwestb\u00f6hmische Bezirksstadt), Bezirksstadt Sternberg in M\u00e4hren, Haida (Bezirk B\u00f6hmisch Leipa), Karlsbad, Wartenberg am Rollberg im Bezirk B\u00f6hmisch Leipa, Bodenbach an der Elbe, Hohenelbe (Bezirksstadt an der oberen Elbe und am Fu\u00df des Riesengebirges), J\u00e4gerndorf (Bezirksstadt an der Grenze zu Preu\u00dfisch-Schlesien), Bezirksstadt Prachatitz im B\u00f6hmerwald, Marienbad<\/p>\n","protected":false},"excerpt":{"rendered":"<p>Sudentenland in alten Ansichten ISBN 978-3-96166-787-1 Kalenderformat 29 x 32 cm Wire-O-Bindung Mit Bilder von: Br\u00fcx (Bezirksstadt in Nordb\u00f6hmen, im sog. Erzgebirge-Saazerland), M\u00e4hrisch Ostrau (Stadt zwischen Sudeten und Beskiden, am Nordausgang der M\u00e4hrischen Pforte), Weipert (B\u00f6hmisches Erzgebirge), Komotau (Nordwestb\u00f6hmische Bezirksstadt), Bezirksstadt Sternberg in M\u00e4hren, Haida (Bezirk B\u00f6hmisch Leipa), Karlsbad, Wartenberg am Rollberg im Bezirk B\u00f6hmisch [&hellip;]<\/p>\n","protected":false},"featured_media":7897,"template":"","meta":[],"product_brand":[],"product_cat":[22],"product_tag":[181,158,111],"class_list":{"0":"post-4403","1":"product","2":"type-product","3":"status-publish","4":"has-post-thumbnail","6":"product_cat-heimat","7":"product_tag-181","8":"product_tag-heimat","9":"product_tag-sudetenland","10":"product_shipping_class-kalender","12":"first","13":"instock","14":"taxable","15":"shipping-taxable","16":"purchasable","17":"product-type-simple"},"_links":{"self":[{"href":"https:\/\/www.mmkalender.de\/index.php\/wp-json\/wp\/v2\/product\/4403","targetHints":{"allow":["GET"]}}],"collection":[{"href":"https:\/\/www.mmkalender.de\/index.php\/wp-json\/wp\/v2\/product"}],"about":[{"href":"https:\/\/www.mmkalender.de\/index.php\/wp-json\/wp\/v2\/types\/product"}],"wp:featuredmedia":[{"embeddable":true,"href":"https:\/\/www.mmkalender.de\/index.php\/wp-json\/wp\/v2\/media\/7897"}],"wp:attachment":[{"href":"https:\/\/www.mmkalender.de\/index.php\/wp-json\/wp\/v2\/media?parent=4403"}],"wp:term":[{"taxonomy":"product_brand","embeddable":true,"href":"https:\/\/www.mmkalender.de\/index.php\/wp-json\/wp\/v2\/product_brand?post=4403"},{"taxonomy":"product_cat","embeddable":true,"href":"https:\/\/www.mmkalender.de\/index.php\/wp-json\/wp\/v2\/product_cat?post=4403"},{"taxonomy":"product_tag","embeddable":true,"href":"https:\/\/www.mmkalender.de\/index.php\/wp-json\/wp\/v2\/product_tag?post=4403"}],"curies":[{"name":"wp","href":"https:\/\/api.w.org\/{rel}","templated":true}]}}