{"id":4412,"date":"2020-04-03T13:06:08","date_gmt":"2020-04-03T13:06:08","guid":{"rendered":"https:\/\/www.mmkalender.de\/?post_type=product&#038;p=4412"},"modified":"2026-02-24T12:39:02","modified_gmt":"2026-02-24T12:39:02","slug":"ford-veteranen-2027","status":"publish","type":"product","link":"https:\/\/www.mmkalender.de\/index.php\/produkt\/ford-veteranen-2027\/","title":{"rendered":"Ford Veteranen 2027"},"content":{"rendered":"<p>Ford Veteranen 2027<br \/>\nISBN 978-3-96166-790-1<br \/>\nKalenderformat 29 x 32 cm<br \/>\nWire-O-Bindung<\/p>\n<p>Auch dieser Kalender st\u00f6\u00dft schon seit Jahren speziell bei allen Ford-Liebhabern auf ein gro\u00dfes Echo. 12 eindrucksvolle Farbaufnahmen zum Thema \u201eFord \u2013 automobile Geschichte\u201c zeigen folgende Modelle:<\/p>\n<p>Ford Mustang, A-Modell, 1982er Fiesta XR2, Sierra XR4, Escort I, Capri I Cabrio, 12M, 1964er Thunderbird, Taunus 17M P3, Taunus 1972er GXL, Taunus 17M, 17M 1700S<\/p>\n","protected":false},"excerpt":{"rendered":"<p>Ford Veteranen 2027 ISBN 978-3-96166-790-1 Kalenderformat 29 x 32 cm Wire-O-Bindung Auch dieser Kalender st\u00f6\u00dft schon seit Jahren speziell bei allen Ford-Liebhabern auf ein gro\u00dfes Echo. 12 eindrucksvolle Farbaufnahmen zum Thema \u201eFord \u2013 automobile Geschichte\u201c zeigen folgende Modelle: Ford Mustang, A-Modell, 1982er Fiesta XR2, Sierra XR4, Escort I, Capri I Cabrio, 12M, 1964er Thunderbird, Taunus [&hellip;]<\/p>\n","protected":false},"featured_media":7912,"template":"","meta":[],"product_brand":[],"product_cat":[112],"product_tag":[181,159,116],"class_list":{"0":"post-4412","1":"product","2":"type-product","3":"status-publish","4":"has-post-thumbnail","6":"product_cat-fahrzeuge","7":"product_tag-181","8":"product_tag-fahrzeuge","9":"product_tag-ford-veteranen","10":"product_shipping_class-kalender","12":"first","13":"instock","14":"taxable","15":"shipping-taxable","16":"purchasable","17":"product-type-simple"},"_links":{"self":[{"href":"https:\/\/www.mmkalender.de\/index.php\/wp-json\/wp\/v2\/product\/4412","targetHints":{"allow":["GET"]}}],"collection":[{"href":"https:\/\/www.mmkalender.de\/index.php\/wp-json\/wp\/v2\/product"}],"about":[{"href":"https:\/\/www.mmkalender.de\/index.php\/wp-json\/wp\/v2\/types\/product"}],"wp:featuredmedia":[{"embeddable":true,"href":"https:\/\/www.mmkalender.de\/index.php\/wp-json\/wp\/v2\/media\/7912"}],"wp:attachment":[{"href":"https:\/\/www.mmkalender.de\/index.php\/wp-json\/wp\/v2\/media?parent=4412"}],"wp:term":[{"taxonomy":"product_brand","embeddable":true,"href":"https:\/\/www.mmkalender.de\/index.php\/wp-json\/wp\/v2\/product_brand?post=4412"},{"taxonomy":"product_cat","embeddable":true,"href":"https:\/\/www.mmkalender.de\/index.php\/wp-json\/wp\/v2\/product_cat?post=4412"},{"taxonomy":"product_tag","embeddable":true,"href":"https:\/\/www.mmkalender.de\/index.php\/wp-json\/wp\/v2\/product_tag?post=4412"}],"curies":[{"name":"wp","href":"https:\/\/api.w.org\/{rel}","templated":true}]}}