{"id":4422,"date":"2020-04-16T07:49:23","date_gmt":"2020-04-16T07:49:23","guid":{"rendered":"https:\/\/www.mmkalender.de\/?post_type=product&#038;p=4422"},"modified":"2026-02-24T10:37:34","modified_gmt":"2026-02-24T10:37:34","slug":"schlesien-gestern-2027","status":"publish","type":"product","link":"https:\/\/www.mmkalender.de\/index.php\/produkt\/schlesien-gestern-2027\/","title":{"rendered":"Schlesien gestern 2027"},"content":{"rendered":"<p>Schlesien in alten Ansichten<br \/>\nISBN 978-3-96166-786-4<br \/>\nKalenderformat 29 x 32 cm<br \/>\nWire-O-Bindung<\/p>\n<p>Mit Bildern von: Breslau (Landeshauptstadt), Gr\u00fcnberg (Kreisstadt und Stadtkreis auf den Gr\u00fcnberger H\u00f6hen), Bad Flinsberg (beliebter Kurort im Landkreis L\u00f6wenberg), Sch\u00f6mberg (Kreis Landeshut), Beuthen (Oberschlesien), Bad Kudowa (Kreis Glatz am Fu\u00dfe des Heuscheuergebirges), Gr\u00fcssau in Niederschlesien (Kreis Landeshut), Breslau (Landeshauptstadt), Brieg (Kreisstadt am linken Oderufer zwischen Breslau und Oppeln), Landgemeinde Adelsdorf im Kreis Goldberg, Liebau (Kleinstadt am Bober), Bad Landeck (Kreis Habelschwerdt), Freiburg (Kreis Schweidnitz)<\/p>\n","protected":false},"excerpt":{"rendered":"<p>Schlesien in alten Ansichten ISBN 978-3-96166-786-4 Kalenderformat 29 x 32 cm Wire-O-Bindung Mit Bildern von: Breslau (Landeshauptstadt), Gr\u00fcnberg (Kreisstadt und Stadtkreis auf den Gr\u00fcnberger H\u00f6hen), Bad Flinsberg (beliebter Kurort im Landkreis L\u00f6wenberg), Sch\u00f6mberg (Kreis Landeshut), Beuthen (Oberschlesien), Bad Kudowa (Kreis Glatz am Fu\u00dfe des Heuscheuergebirges), Gr\u00fcssau in Niederschlesien (Kreis Landeshut), Breslau (Landeshauptstadt), Brieg (Kreisstadt am [&hellip;]<\/p>\n","protected":false},"featured_media":7889,"template":"","meta":[],"product_brand":[],"product_cat":[22],"product_tag":[181,158,110],"class_list":{"0":"post-4422","1":"product","2":"type-product","3":"status-publish","4":"has-post-thumbnail","6":"product_cat-heimat","7":"product_tag-181","8":"product_tag-heimat","9":"product_tag-schlesien","10":"product_shipping_class-kalender","12":"first","13":"instock","14":"taxable","15":"shipping-taxable","16":"purchasable","17":"product-type-simple"},"_links":{"self":[{"href":"https:\/\/www.mmkalender.de\/index.php\/wp-json\/wp\/v2\/product\/4422","targetHints":{"allow":["GET"]}}],"collection":[{"href":"https:\/\/www.mmkalender.de\/index.php\/wp-json\/wp\/v2\/product"}],"about":[{"href":"https:\/\/www.mmkalender.de\/index.php\/wp-json\/wp\/v2\/types\/product"}],"wp:featuredmedia":[{"embeddable":true,"href":"https:\/\/www.mmkalender.de\/index.php\/wp-json\/wp\/v2\/media\/7889"}],"wp:attachment":[{"href":"https:\/\/www.mmkalender.de\/index.php\/wp-json\/wp\/v2\/media?parent=4422"}],"wp:term":[{"taxonomy":"product_brand","embeddable":true,"href":"https:\/\/www.mmkalender.de\/index.php\/wp-json\/wp\/v2\/product_brand?post=4422"},{"taxonomy":"product_cat","embeddable":true,"href":"https:\/\/www.mmkalender.de\/index.php\/wp-json\/wp\/v2\/product_cat?post=4422"},{"taxonomy":"product_tag","embeddable":true,"href":"https:\/\/www.mmkalender.de\/index.php\/wp-json\/wp\/v2\/product_tag?post=4422"}],"curies":[{"name":"wp","href":"https:\/\/api.w.org\/{rel}","templated":true}]}}