{"id":4446,"date":"2020-04-24T13:16:11","date_gmt":"2020-04-24T13:16:11","guid":{"rendered":"https:\/\/www.mmkalender.de\/?post_type=product&#038;p=4446"},"modified":"2026-02-24T10:21:26","modified_gmt":"2026-02-24T10:21:26","slug":"ostpreussen-gestern-2027","status":"publish","type":"product","link":"https:\/\/www.mmkalender.de\/index.php\/produkt\/ostpreussen-gestern-2027\/","title":{"rendered":"Ostpreu\u00dfen gestern 2027"},"content":{"rendered":"<p>Ostpreu\u00dfen in alten Ansichten<br \/>\nISBN 978-3-96166-784-0<br \/>\nKalenderformat 29 x 32 cm<br \/>\nWire-O-Bindung<\/p>\n<p>Mit Bildern von: K\u00f6nigsberg (Landeshauptstadt), Rosenberg (Kreisstadt im Regierungsbezirk Westpreu\u00dfen), Marienburg (Kreisstadt im Regierungsbezirk Westpreu\u00dfen), Ortelsburg (Kreisstadt im Regierungsbezirk Allenstein), Tapiau (Kreis Wehlau, am Ausfluss der Deime aus dem Pregel), Allenstein (Regierungsbezirk Allenstein), Lyck (Hauptstadt Masurens am Lycker See gelegen), Elbing (Regierungsbezirk Westpreu\u00dfen), L\u00f6tzen (Kreisstadt im Regierungsbezirk Allenstein, zwischen L\u00f6wentin- und Mauersee gelegen), Sensburg (Kreisstadt \u00f6stlich von Allenstein am Rand der Masurischen Seenplatte), Heilsberg (Kreisstadt an der M\u00fcndung der Simser in die Alle), Blick von Osten auf die Kreisstadt Preu\u00dfisch Eylau im Regierungsbezirk K\u00f6nigsberg, Blick auf Mehlsack (Kreis Braunsberg)<\/p>\n","protected":false},"excerpt":{"rendered":"<p>Ostpreu\u00dfen in alten Ansichten ISBN 978-3-96166-784-0 Kalenderformat 29 x 32 cm Wire-O-Bindung Mit Bildern von: K\u00f6nigsberg (Landeshauptstadt), Rosenberg (Kreisstadt im Regierungsbezirk Westpreu\u00dfen), Marienburg (Kreisstadt im Regierungsbezirk Westpreu\u00dfen), Ortelsburg (Kreisstadt im Regierungsbezirk Allenstein), Tapiau (Kreis Wehlau, am Ausfluss der Deime aus dem Pregel), Allenstein (Regierungsbezirk Allenstein), Lyck (Hauptstadt Masurens am Lycker See gelegen), Elbing (Regierungsbezirk Westpreu\u00dfen), [&hellip;]<\/p>\n","protected":false},"featured_media":7893,"template":"","meta":[],"product_brand":[],"product_cat":[22],"product_tag":[181,158,108],"class_list":{"0":"post-4446","1":"product","2":"type-product","3":"status-publish","4":"has-post-thumbnail","6":"product_cat-heimat","7":"product_tag-181","8":"product_tag-heimat","9":"product_tag-ostpreussen","10":"product_shipping_class-kalender","12":"first","13":"instock","14":"taxable","15":"shipping-taxable","16":"purchasable","17":"product-type-simple"},"_links":{"self":[{"href":"https:\/\/www.mmkalender.de\/index.php\/wp-json\/wp\/v2\/product\/4446","targetHints":{"allow":["GET"]}}],"collection":[{"href":"https:\/\/www.mmkalender.de\/index.php\/wp-json\/wp\/v2\/product"}],"about":[{"href":"https:\/\/www.mmkalender.de\/index.php\/wp-json\/wp\/v2\/types\/product"}],"wp:featuredmedia":[{"embeddable":true,"href":"https:\/\/www.mmkalender.de\/index.php\/wp-json\/wp\/v2\/media\/7893"}],"wp:attachment":[{"href":"https:\/\/www.mmkalender.de\/index.php\/wp-json\/wp\/v2\/media?parent=4446"}],"wp:term":[{"taxonomy":"product_brand","embeddable":true,"href":"https:\/\/www.mmkalender.de\/index.php\/wp-json\/wp\/v2\/product_brand?post=4446"},{"taxonomy":"product_cat","embeddable":true,"href":"https:\/\/www.mmkalender.de\/index.php\/wp-json\/wp\/v2\/product_cat?post=4446"},{"taxonomy":"product_tag","embeddable":true,"href":"https:\/\/www.mmkalender.de\/index.php\/wp-json\/wp\/v2\/product_tag?post=4446"}],"curies":[{"name":"wp","href":"https:\/\/api.w.org\/{rel}","templated":true}]}}